se t = -2*n - r + 27, 3*r + y = 2*n + 2*n. List the prime factors of n.
3, 5
Let g(s) = s**2 + 2*s - 77. List the prime factors of g(20).
3, 11
Suppose 521 + 760 = 7*q. What are the prime factors of q?
3, 61
Let g(m) = -48*m - 65. List the prime factors of g(-12).
7, 73
What are the prime factors of (-10 - 9)/(((-12)/(-146))/(-6))?
19, 73
Suppose 3*r + 5*s - 23 = 3*s, -5*r + s + 34 = 0. Suppose 0 = -3*v - 2*n + 181, 2*v - r*v - 2*n = -307. List the prime factors of v.
3, 7
Suppose -680 = -11*u + 8923. List the prime factors of u.
3, 97
Suppose -435 = -5*o - 0*o. Suppose c - o = 3*z, -c - z + 95 = -0*c. Let d = c - 54. What are the prime factors of d?
3, 13
Let s(h) = -h**2 - 5*h - 21. Let z(p) = -p**3 - 2*p**2 - 4*p - 21. Let t(a) = -4*s(a) + 3*z(a). What are the prime factors of t(-4)?
149
Let k(j) = j**3 - 5*j**2 - 54*j - 58. List the prime factors of k(16).
2, 947
Let f(z) = 9 - 14*z - 24 - z**2 + 0*z**2. Let n be f(-12). Let v = n + -6. List the prime factors of v.
3
Suppose 5*v - 1600 = -5*y, -15*y + 324 = -14*y + 3*v. What are the prime factors of y?
2, 3, 53
Suppose -23*c + 71437 = 5680. List the prime factors of c.
3, 953
Let j(p) = 15*p**2 + 16*p + 22. List the prime factors of j(-13).
3, 29
Let o(u) = -u**3 - 6*u**2 - 4*u + 9. Let k be o(-5). Suppose 0 = -r - 0*r + 13. Let h = r + k. What are the prime factors of h?
17
Suppose 0 = -5*n + 2*t + 6, -2*t - 3*t = 3*n - 16. Let m(u) = 26*u**2 - 5*u + 6. List the prime factors of m(n).
2, 5
Suppose -3*o = -3*z - 18957, -78*o = -75*o + 2*z - 18977. What are the prime factors of o?
6323
Let v be (-21)/(3 - (-16)/(-4)). Let t be (-217)/(-3) - 7/v. Suppose -3*u + 24 = -t. List the prime factors of u.
2
Let y be (-533)/(-39)*(-2 - -5). Let z = 100 - y. What are the prime factors of z?
59
Let c = -5825 - -10253. List the prime factors of c.
2, 3, 41
Suppose -2*i + 1719 = -x, 4*x + 791 + 925 = 2*i. What are the prime factors of i?
2, 5, 43
Let l(f) = 7*f - 44. Let d(m) = m + 12. Let j be d(-7). Let i(g) = 4*g - 22. Let y(q) = j*i(q) - 3*l(q). List the prime factors of y(10).
2, 3
Suppose -20 = -4*a, 3*n = 2*n + 3*a - 13. Let t(s) = 43*s - 41*s + 17*s**n - 8*s**2. What are the prime factors of t(2)?
2, 5
Suppose 5 = 3*f - 5*r + 37, r = -5*f - 72. Let d be (-4)/f + 20/(-70). Suppose 2*p - 4*p + 24 = d. What are the prime factors of p?
2, 3
Suppose -3*p = -4*p. Suppose 0 = -5*y - 5*i - 25, 2*y - 5*i + p*i = 25. Suppose -k + y*v + 4*v - 12 = 0, 5*v = 5*k. What are the prime factors of k?
2
Suppose f = -3 - 2. Let o(g) = -37*g + 4. List the prime factors of o(f).
3, 7
Suppose 4*z + 1 = 169. Let o = z - 96. Let c = 26 - o. List the prime factors of c.
2, 5
Suppose -4*y = 2*s - 860, y = -2*s + 5*s - 1325. What are the prime factors of s?
2, 5, 11
Suppose 452 = i - 4*m - 695, -4*m = -3*i + 3417. List the prime factors of i.
5, 227
Let j = 254 + -163. List the prime factors of j.
7, 13
Let b be ((-3)/6)/(31/(-8) - -4). Let y(o) = -17*o - 5. What are the prime factors of y(b)?
3, 7
Let w(c) = -6*c**3 - 2*c**2 - 4*c - 4. Let h be w(-3). Suppose j - 2 = 2*j, -4*t + 4*j = -h. List the prime factors of t.
2, 3
List the prime factors of 12 + -8 - (-4917)/3.
31, 53
Suppose -3*u = -433 - 455. List the prime factors of ((-1)/(10/u))/((-4)/10).
2, 37
Let w be ((-16)/(-5))/((-7)/35). What are the prime factors of w/5*40*-1?
2
Let o be ((-3)/(-5))/(10/550). Let v = o + -13. Let f = v - 12. List the prime factors of f.
2
Let a = 9 + -7. Suppose 2*c + 4*k - 16 = 0, 3*k = -a*c - 0*k + 12. Let v = 2 - c. List the prime factors of v.
2
Let j(a) be the third derivative of a**6/120 + 7*a**5/60 + 5*a**4/24 + a**3/3 + 5*a**2. Let m = -18 - -12. List the prime factors of j(m).
2
Let n(g) = g**2 + 6*g + 1. Let k be n(-7). Suppose -k*f + 308 = -f. List the prime factors of f.
2, 11
Suppose 0 = 5*d + 5*a - 25, -5*d + a = -3*a - 7. Suppose -d*s - 97 = -2*x - 0*x, -5*s + 180 = 5*x. What are the prime factors of x?
41
Let z(k) = -3*k**2 + 2*k + 1136. List the prime factors of z(0).
2, 71
Let t(k) = k + 13. Let j be t(-5). Suppose 14 = j*h - 26. List the prime factors of h.
5
Suppose -4*q + 4005 = s, 0 = 4*s + 1 - 5. List the prime factors of q.
7, 11, 13
Let k(b) = -56*b - 3. Let r(v) = -v + 1. Let a(o) = -k(o) - r(o). List the prime factors of a(1).
59
Let p = -106 + 64. Let o = p + 122. List the prime factors of o.
2, 5
Let v(k) be the first derivative of -k**4/4 + 8*k**3/3 + k**2 + 10*k + 1. What are the prime factors of v(8)?
2, 13
Let d = 2326 - 1483. What are the prime factors of d?
3, 281
Let n(g) = 2*g - 25. Suppose 62 = 5*h - 3*l, -4*l = h + 4*h - 69. Let v be n(h). What are the prime factors of (v/(-2))/(3/(-246))?
41
Let p be (-3)/4*(-8)/3. Suppose 4*w - t - p*t = -267, t - 133 = 2*w. List the prime factors of (-2)/11 - 1002/w.
3, 5
Let v(d) = -380*d**2 - 3*d + 1. Let q be v(1). Let t = q + 661. What are the prime factors of t?
3, 31
Let h(i) = i - 3. Let u be h(7). Suppose u*l - 10 = 42. Suppose -5*k + l = -7. List the prime factors of k.
2
Let z be 11 + 4/(1 + 3). Suppose 15*r - 138 = z*r. List the prime factors of r.
2, 23
Let t be (-3)/(-15) - (-2)/(-10). Suppose -i + 0*i + 2 = t. List the prime factors of 5/2 - i/(-4).
3
Suppose 0 = -2*n + 18 - 24. What are the prime factors of ((-234)/(-24))/(n/(-12))?
3, 13
Suppose -4*a - 25 = -5*o - a, -2*o + 10 = -2*a. Suppose 4*m - o = 19. List the prime factors of m.
2, 3
Suppose 4*l - h - 1815 = 0, h - 482 - 874 = -3*l. What are the prime factors of l?
3, 151
Let m = 3888 - 1064. What are the prime factors of m?
2, 353
Let c(q) = -q**2 + 2*q + 5. Let k be c(0). Let p = k - -18. Let u = 49 - p. List the prime factors of u.
2, 13
Let h = -27 + 30. Suppose 2*p = -h*p. Suppose p*k = -k + 7. What are the prime factors of k?
7
What are the prime factors of 15/(-6) + 2 - 7920/(-32)?
13, 19
Suppose -2*y - 5*v = -25 - 319, 0 = y - 2*v - 163. List the prime factors of y.
167
Let o(n) = -21*n + 16. List the prime factors of o(-9).
5, 41
Suppose 0*b - 12 = -6*b. Let j(s) = s**2 - 6*s + 4. Let w be j(6). Suppose w*o - 36 = b*o. What are the prime factors of o?
2, 3
Let t be (2 - (-22)/4)/((-2)/(-20)). Suppose t + 35 = m. What are the prime factors of m?
2, 5, 11
Let g be 279/12*8/(-3). Let z be (-1 + -12)*-3*-1. Let x = z - g. What are the prime factors of x?
23
Let h(g) = -g + 25. What are the prime factors of h(-8)?
3, 11
Suppose -12*l + 10*l = -22. List the prime factors of ((-3003)/(-18))/l + (-2)/12.
3, 5
Let y(w) = -2*w + 8*w - 32 + w**2 + 11*w. What are the prime factors of y(10)?
2, 7, 17
Let q(u) = 2*u - 4. Let r(o) = -o + 1. Let c(b) = -q(b) - 3*r(b). Suppose -12*s + 14*s = 4*t + 12, 5*s = -t + 52. List the prime factors of c(s).
11
Suppose -3*t - 516 = 3*a, -3*t + a + 0*a = 520. Let p = 145 - t. List the prime factors of p.
2, 3, 53
Suppose -3*m - 2 = -m. Let o(c) = 6*c**2 + 3*c - 8. Let b(a) = a**2 - a - 1. Let n(q) = m*o(q) + 5*b(q). List the prime factors of n(-7).
2, 5
Suppose -i - 2 = -6. Suppose -i*q = -q - 273. List the prime factors of q.
7, 13
Let r(y) = -y**3 - 40*y**2 - 199*y + 49. List the prime factors of r(-38).
4723
Suppose 2*r = -l + 3*r + 1666, 4*l - 6658 = 2*r. List the prime factors of l.
1663
Suppose -3*i = -5*o - 1577, -105*i = -108*i - 5*o + 1537. What are the prime factors of i?
3, 173
Suppose -12 = -3*w, 0 = -j - j + 2*w + 216. Suppose -40*v = -42*v + j. What are the prime factors of v?
2, 7
Suppose -3*o + 259 = -29. Suppose -10*u + o = -7*u. List the prime factors of u.
2
Let d be ((-240)/25)/(8/(-780)*3). Suppose -9*h + d = -h. List the prime factors of h.
3, 13
Suppose -5*i + 396 = 2*j + 131, 4*j = -4*i + 500. Let s = -81 + j. List the prime factors of s.
3, 13
Suppose 8*g - 5*g - 36 = 0. Let t(k) = g*k - 1 - 3*k + k. What are the prime factors of t(1)?
3
Suppose -2*z = x + 15, -x - 5*z - 34 = -7. Let y be 148/(-3 - x) - -1. Let s = y + -31. What are the prime factors of s?
7
Let n(y) = -7 - 29 - 15 + 6 - 4*y. List the prime factors of n(-28).
67
Let n = -54 - -60. Suppose n*j = 11*j - 735. List the prime factors of j.
3, 7
Let h = -11 - -14. Let t(q) = 2*q**2 - 2*q - 25. Let x be t(11). Suppose 5*k - h*w = 79 + 116, 0 = 5*k + w - x. What are the prime factors of k?
3, 13
Let g = -104 - -714. List the prime factors of g.
2, 5, 61
Suppose -2*g + 0*